the greatest common factor of l and 5.
5
Suppose z + l = 4*z - 33, 4*l = -5*z + 55. What is the greatest common factor of 24937 and z?
11
Let c be (-2*8/6)/((-646)/4845). Calculate the greatest common divisor of c and 2830.
10
Let x(p) = -41*p + 37. Let r be x(-11). What is the greatest common divisor of 296 and r?
8
Let t(c) = 4*c**2 + 193*c + 1463. Let k be t(-8). Calculate the greatest common factor of k and 5875.
25
Suppose 18*p + 2*y + 9176 = 21*p, -4*p = -y - 12238. Calculate the highest common divisor of 12 and p.
12
Suppose 5*b - 1475 = -3*f, -113*f + 111*f = -b + 282. What is the highest common factor of b and 1898?
146
Let i be 80/(-340) - (-147240)/1530. Let z be 313/2 - 2/4. What is the highest common divisor of z and i?
12
Let o(n) = -2*n**3 + 8*n**2 + 3*n - 8. Let x be o(4). Suppose 6 = -4*r + 14, -x*r = -5*h + 322. What is the greatest common divisor of h and 44?
22
Let w(g) = -32*g - 851. Let r be w(-50). What is the highest common divisor of r and 35?
7
Let k = -288 + 750. Let x = k - 232. Calculate the highest common factor of 40 and x.
10
Let s = -137 - -140. Suppose 3*a - 58 = -s*o + 80, -o - 36 = -a. Calculate the highest common factor of a and 369.
41
Let u(y) = 13*y**2 + 10*y + 15. Let z be u(-6). Let c = -251 + z. Let q = c + -55. What is the highest common factor of 9 and q?
9
Let a = 177 - 93. Let g(z) = -48*z**3 - 5*z**2 + 7*z + 12. Let j be g(-1). What is the greatest common divisor of j and a?
12
Let v(w) = -w**2 + 22*w + 259. Let d be v(28). Suppose -65*a + 72*a - d = 0. What is the highest common divisor of 4 and a?
1
Let h = -75 + 71. Let q = 55 - h. What is the highest common factor of 472 and q?
59
Suppose -b + 2*o + 37 = -97, -4*b + 5*o + 527 = 0. Let u = b + -39. Calculate the greatest common divisor of u and 1.
1
Let r = 1092 + -959. What is the highest common divisor of r and 855?
19
Let f = 4 - -4. Suppose -16 = -2*i + 4*r, -3*i + 2*r = -r - 30. Suppose 10*v - 880 = -i*v. What is the highest common factor of v and f?
8
Suppose -6*u + 89 - 395 = 0. Let f = u + 35. Let s = f - -27. Calculate the greatest common factor of s and 77.
11
Suppose 3*z = 4*i + 130, -57*z - i = -54*z - 140. What is the highest common factor of 28589 and z?
23
Suppose 199 + 4 = 42*l - 175. Calculate the highest common divisor of 18 and l.
9
Let p be (2100/90)/(15*2/36). Suppose -2*t + 0*k = 4*k, 0 = -2*k - 4. What is the greatest common divisor of t and p?
4
Suppose 0 = -3*j + q + 132, 220 = 5*j - q - 2*q. Suppose 26630*z + 561 = 26647*z. What is the highest common factor of z and j?
11
Suppose 6*m + 6 = 6. Suppose -2887 = -m*i - 5*i - 4*o, -5*i - 5*o + 2890 = 0. Calculate the highest common divisor of 46 and i.
23
Let g be 6/((-1)/(2/(-3))). Let o be (-36)/(-10) + -12 + 399/35. Suppose 0 = u + 2*d, 2*u + 3*d - 5 = -o. What is the highest common factor of u and g?
4
Let a(y) = 118*y - 1480. Let u be a(13). What is the highest common factor of u and 288?
18
Let f(j) = 3*j - 3. Let y be f(9). Let g(z) = 16*z**2 - 16*z. Let v be g(-9). Suppose -15*c + 27*c = v. What is the highest common divisor of c and y?
24
Let t = 691 + -579. Suppose -886 = -6*a - t. What is the highest common divisor of 301 and a?
43
Let i = -62 + 60. Let s = i - -98. Suppose -19*g + 15*g = -s. What is the greatest common divisor of 216 and g?
24
Suppose -5*n - 2*l = -342, 5*n - 313 = 3*l + 49. Suppose -4*c = 10 - 90. Suppose b - c = -2*r, -b = r + 2*r - 25. What is the greatest common factor of b and n?
10
Let k = 7306 - 7141. Calculate the highest common factor of k and 1221.
33
Let v = 45029 + -44639. What is the greatest common factor of 1065 and v?
15
Let m = 1112 - -456. Calculate the greatest common divisor of 32 and m.
32
Let n be -70 - (-3 + 0/1). Let a be (-4)/(-10) - 667/5. Let k = n - a. What is the highest common factor of k and 99?
33
Let w = 251 + -200. Suppose 70*y = 69*y + w. Calculate the greatest common divisor of y and 68.
17
Let l(y) = 4*y**2 - 103*y + 18. Let s(b) = 2*b**2 - 104*b + 18. Let j(r) = -4*l(r) + 5*s(r). Let a be j(-13). Calculate the highest common factor of a and 24.
24
Let d(s) = -s**2 + 3*s + 44. Let y be d(-5). Let z be (y - 8)*(-30 + 3). Calculate the greatest common divisor of 54 and z.
54
Let p be -3*(-2)/(-27)*-9. Suppose g - 7 = 2*a - 3*a, p*a = g - 22. Let w be 90/35 + ((-60)/35)/3. What is the greatest common divisor of w and g?
2
Let r = 11760 + -11746. Let i = -4 + 6. Suppose -126 = t - i*t. What is the greatest common divisor of t and r?
14
Let c be (4/18)/(12/(-9)) + (-202118)/(-84). What is the greatest common divisor of 6 and c?
6
Let u = -18480 - -11514. Let j be -2*(u/12)/9. Let f = j + -119. Calculate the greatest common factor of 90 and f.
10
Let t = -11 + 53. Let q = -48 + t. Let h(p) = -2*p**3 - 8*p**2 - 5*p + 1. Let u be h(q). What is the highest common divisor of 70 and u?
35
Suppose 102*g + 78*g = 37*g + 53196. Calculate the highest common factor of g and 3534.
186
Suppose 6*c - 4*p = 4*c + 292, p = -5*c + 675. Let k be 2340/(-195) - (-46 + 0). What is the greatest common factor of c and k?
34
Let v(x) = x**3 + 9*x**2 + 3*x - 8. Let s be v(-8). Let h(b) = -2*b + 19. Let o be h(-7). Suppose -73 = -5*a - o. What is the highest common divisor of s and a?
8
Suppose 13*o - 30*o + 102 = 0. Suppose -f + 4*p = -2, 7*f + 4*p - 34 = 6*f. Calculate the highest common factor of f and o.
6
Suppose 113*l - 5130 = -58*l. What is the greatest common divisor of l and 645?
15
Suppose n + 4*w = 51, 0 = 6*n + 5*w - 7*w - 254. What is the highest common divisor of 19049 and n?
43
Suppose 8 + 9 = i + f, 2*f + 71 = 3*i. Suppose -7*t + 122 = -137. Let d be 74/t + 146 + 1/(-1). Calculate the greatest common divisor of d and i.
21
Let g be ((-11)/(-4))/((-35)/(-5740)). What is the greatest common factor of 55 and g?
11
Let p(d) = 6*d + 3. Let u be p(6). Suppose -3*y + 3*s + 128 = 101, -3*y + 15 = s. What is the highest common factor of y and u?
3
Let c(l) = -24*l**2 - 4*l - 15. Let s(q) = -36*q**2 - 7*q - 22. Let t(b) = -8*c(b) + 5*s(b). Let i be t(2). Calculate the greatest common divisor of 364 and i.
52
Let z(d) = 2*d + 10. Let n be z(-9). Let j be ((-276)/(-16) - -4) + 2/n. Let r(x) = -116*x - 1. Let i be r(-2). Calculate the highest common factor of i and j.
21
Suppose 49*b = 22*b + 1080. Suppose -28*s = -b*s + 396. Calculate the greatest common divisor of s and 297.
33
Suppose -38*n + 39*n + 2*h = 789, h = 2*n - 1603. What is the greatest common factor of n and 47?
47
Let p = 30 + -16. Suppose -p*h - 4*h + 900 = 0. Calculate the greatest common divisor of h and 10.
10
Let p(q) = -q**3 - 7*q**2 + q + 17. Let h be p(-7). Let t be (-1)/(h/915*9/(-6)). Suppose 9*k + t - 160 = 0. Calculate the greatest common divisor of 11 and k.
11
Suppose 411*r = 181*r + 193*r + 296. Let t be (-4)/6 + 278/3. What is the greatest common divisor of r and t?
4
Let p = 233 + -348. Let x = -3 - p. Calculate the greatest common divisor of 56 and x.
56
Suppose 0 = -5*h - 5*q + 335, -75 = -2*h + 4*q + 41. Let i = 97 - h. Suppose 88 = -3*r + 7*r. Calculate the greatest common divisor of i and r.
11
Let c(l) = 2*l**2 + 62*l + 122. Let d be c(-2). What is the greatest common factor of 8 and d?
2
Let u = 99 - 96. Suppose d - 2*j = -9, 8*d - u*d - 4*j = -33. Let r be ((-213)/9 - d)*(1 + -16). What is the highest common factor of r and 40?
40
Suppose -8 + 2 = -2*l. Suppose 4*w - r - 57 = 8*w, 4*w - l*r = -37. Let c(z) = -z**2 - 16*z - 29. Let h be c(w). What is the highest common divisor of h and 20?
10
Let j = 2202 + -1772. Calculate the greatest common factor of 100 and j.
10
Let u = 452 + -210. Let y = -112 + u. What is the greatest common divisor of y and 50?
10
Let z be (-27)/(378/(-3976)) + -22. What is the greatest common factor of 12445 and z?
131
Suppose 3780 = 3*g + 6*g - 0*g. Calculate the highest common factor of g and 560.
140
Suppose -y + 1308 = 5*d, -5*y - 784 = -3*d - 6*y. Calculate the greatest common factor of 47422 and d.
262
Suppose -24*x - 28 = -17*x. Let u be x*249/(-12) + -3. What is the greatest common factor of u and 20?
20
Let j = 2 + 4. Let v(r) = -2113*r + 67642. Let s be v(32). Calculate the greatest common divisor of j and s.
2
Let a = -254 + 259. Let f be 3367/28 - a/20. What is the highest common divisor of 45 and f?
15
L